is the tens digit of 8810558?
5
What is the thousands digit of 781492?
1
What is the units digit of 27511093?
3
What is the thousands digit of 6853115?
3
What is the hundred thousands digit of 306530?
3
What is the thousands digit of 700424?
0
What is the thousands digit of 70348?
0
What is the thousands digit of 8684914?
4
What is the units digit of 15636?
6
What is the hundreds digit of 11429711?
7
What is the thousands digit of 1253645?
3
What is the tens digit of 14343072?
7
What is the tens digit of 20944863?
6
What is the ten thousands digit of 84094?
8
What is the hundreds digit of 6217834?
8
What is the millions digit of 1842601?
1
What is the ten millions digit of 21855370?
2
What is the units digit of 99838?
8
What is the ten thousands digit of 6699024?
9
What is the units digit of 1591968?
8
What is the ten millions digit of 28408230?
2
What is the ten thousands digit of 1030529?
3
What is the hundreds digit of 1380773?
7
What is the ten thousands digit of 10292981?
9
What is the thousands digit of 2176362?
6
What is the hundred thousands digit of 2410185?
4
What is the tens digit of 251140?
4
What is the hundred thousands digit of 11240518?
2
What is the units digit of 12581?
1
What is the units digit of 1642382?
2
What is the tens digit of 4246346?
4
What is the thousands digit of 8623454?
3
What is the tens digit of 997406?
0
What is the millions digit of 1485882?
1
What is the thousands digit of 66149?
6
What is the units digit of 349706?
6
What is the tens digit of 1039912?
1
What is the hundred thousands digit of 2496060?
4
What is the millions digit of 1462172?
1
What is the ten thousands digit of 137550?
3
What is the hundreds digit of 158694?
6
What is the ten thousands digit of 209153?
0
What is the hundreds digit of 177929?
9
What is the ten thousands digit of 22086422?
8
What is the hundred thousands digit of 3293637?
2
What is the ten thousands digit of 227744?
2
What is the hundreds digit of 3217157?
1
What is the units digit of 2339332?
2
What is the thousands digit of 749075?
9
What is the thousands digit of 4969871?
9
What is the tens digit of 207972?
7
What is the hundreds digit of 2057196?
1
What is the hundreds digit of 397325?
3
What is the ten thousands digit of 12425?
1
What is the tens digit of 169135?
3
What is the hundreds digit of 785192?
1
What is the hundred thousands digit of 206144?
2
What is the units digit of 154792?
2
What is the ten thousands digit of 29917?
2
What is the units digit of 4081380?
0
What is the thousands digit of 9170311?
0
What is the hundred thousands digit of 4311342?
3
What is the tens digit of 63785?
8
What is the thousands digit of 40522?
0
What is the hundred thousands digit of 3342849?
3
What is the hundreds digit of 57175?
1
What is the hundred thousands digit of 337042?
3
What is the ten thousands digit of 905394?
0
What is the hundreds digit of 730300?
3
What is the thousands digit of 247570?
7
What is the hundreds digit of 8888502?
5
What is the hundreds digit of 2936185?
1
What is the ten thousands digit of 4018866?
1
What is the millions digit of 17510835?
7
What is the tens digit of 10530?
3
What is the hundred thousands digit of 172158?
1
What is the hundreds digit of 17094362?
3
What is the thousands digit of 925274?
5
What is the hundred thousands digit of 203898?
2
What is the ten thousands digit of 15090?
1
What is the thousands digit of 568973?
8
What is the hundred thousands digit of 8945524?
9
What is the hundreds digit of 18444244?
2
What is the hundred thousands digit of 6094445?
0
What is the ten millions digit of 10974958?
1
What is the tens digit of 1681294?
9
What is the ten thousands digit of 6995567?
9
What is the units digit of 1142627?
7
What is the hundred thousands digit of 189779?
1
What is the hundreds digit of 847387?
3
What is the tens digit of 736522?
2
What is the thousands digit of 437344?
7
What is the tens digit of 3761220?
2
What is the hundreds digit of 7420323?
3
What is the thousands digit of 857346?
7
What is the thousands digit of 222908?
2
What is the ten thousands digit of 54603?
5
What is the ten thousands digit of 25646?
2
What is the thousands digit of 4887475?
7
What is the ten thousands digit of 8837217?
3
What is the hundreds digit of 2677797?
7
What is the units digit of 1067638?
8
What is the millions digit of 3781318?
3
What is the tens digit of 671863?
6
What is the tens digit of 80613?
1
What is the hundred thousands digit of 12954976?
9
What is the tens digit of 404459?
5
What is the hundred thousands digit of 1453939?
4
What is the hundred thousands digit of 11146524?
1
What is the ten thousands digit of 667499?
6
What is the units digit of 557054?
4
What is the millions digit of 3671645?
3
What is the hundred thousands digit of 1746974?
7
What is the hundred thousands digit of 24183524?
1
What is the tens digit of 198965?
6
What is the hundreds digit of 243580?
5
What is the hundred thousands digit of 24383422?
3
What is the units digit of 163011?
1
What is the thousands digit of 10648183?
8
What is the thousands digit of 13969965?
9
What is the ten thousands digit of 770966?
7
What is the units digit of 13168350?
0
What is the thousands digit of 507191?
7
What is the units digit of 361550?
0
What is the units digit of 6089412?
2
What is the units digit of 1542746?
6
What is the ten thousands digit of 799724?
9
What is the millions digit of 6916946?
6
What is the hundreds digit of 115616?
6
What is the tens digit of 628337?
3
What is the millions digit of 9173724?
9
What is the hundred thousands digit of 422623?
4
What is the tens digit of 93264?
6
What is the hundred thousands digit of 2022923?
0
What is the hundred thousands digit of 202238?
2
What is the hundred thousands digit of 537316?
5
What is the tens digit of 486394?
9
What is the tens digit of 327246?
4
What is the ten thousands digit of 1845993?
4
What is the units digit of 1144032?
2
What is the units digit of 1081534?
4
What is the ten thousands digit of 11003886?
0
What is the units digit of 602927?
7
What is the millions digit of 9048594?
9
What is the ten thousands digit of 972430?
7
What is the millions digit of 7264602?
7
What is the hundreds digit of 120186?
1
What is the units digit of 1241878?
8
What is the ten thousands digit of 1890031?
9
What is the tens digit of 9887419?
1
What is the ten thousands digit of 354220?
5
What is the units digit of 13197971?
1
What is the thousands digit of 1238169?
8
What is the hundreds digit of 2088038?
0
What is the thousands digit of 32567280?
7
What is the hundreds digit of 9434076?
0
What is the hundreds digit of 77277?
2
What is the hundreds digit of 387782?
7
What is the units digit of 14000?
0
What is the hundred thousands digit of 626496?
6
What is the tens digit of 7545?
4
What is the millions digit of 13750794?
3
What is the units digit of 352583?
3
What is the ten thousands digit of 26957?
2
What is the units digit of 9685540?
0
What is the thousands digit of 1251772?
1
What is the units digit of 253491?
1
What is the thousands digit of 73825?
3
What is the hundreds digit of 28844?
8
What is the hundred thousands digit of 501118?
5
What is the thousands digit of 4869909?
9
What is the ten millions digit of 10988536?
1
What is the hundreds digit of 4812696?
6
What is the thousands digit of 316883?
6
What is the tens digit of 3069?
6
What is the units digit of 237499?
9
What is the ten thousands digit of 134129?
3
What is the units digit of 45236?
6
What is the units digit of 660336?
6
What is the thousands digit of 1446588?
6
What is the units digit of 2123499?
9
What is the ten millions digit of 15351840?
1
What is the units digit of 86399?
9
What is the thousands digit of 1207797?
7
What is the units digit of 159162?
2
What is the hundred thousands digit of 173488?
1
What is the thousands digit of 167943?
7
What is the tens digit of 111490?
9
What is the hundreds digit of 2959181?
1
What is the tens digit of 141576?
7
What is the millions digit of 15095987?
5
What is the hundred thousands digit of 588008?
5
What is the tens digit of 2615490?
9
What is the hundreds digit of 20058270?
2
What is the ten thousands digit of 564959?
6
What is the millions digit of 8230008?
8
What is the hundred thousa